te the remainder when 389366 is divided by 3853.
213
Calculate the remainder when 26079 is divided by 13001.
77
Calculate the remainder when 32770315 is divided by 185143.
4
Calculate the remainder when 16301 is divided by 2491.
1355
Calculate the remainder when 4105 is divided by 1329.
118
Calculate the remainder when 180364 is divided by 1334.
274
What is the remainder when 565128 is divided by 363?
300
Calculate the remainder when 496512 is divided by 9027.
27
What is the remainder when 592388 is divided by 442?
108
Calculate the remainder when 72336649 is divided by 46.
39
Calculate the remainder when 75145 is divided by 2347.
41
What is the remainder when 7742359 is divided by 37?
35
What is the remainder when 7913263 is divided by 91?
85
What is the remainder when 897430903 is divided by 2803?
2802
What is the remainder when 1222675 is divided by 135851?
16
What is the remainder when 123297 is divided by 59191?
4915
What is the remainder when 53939 is divided by 17960?
59
What is the remainder when 48383 is divided by 1646?
649
What is the remainder when 53514064 is divided by 62?
4
What is the remainder when 1379671 is divided by 182?
111
Calculate the remainder when 48627 is divided by 7910.
1167
Calculate the remainder when 3121813 is divided by 1560737.
339
What is the remainder when 17312158 is divided by 17312151?
7
What is the remainder when 32659176 is divided by 1484507?
22
Calculate the remainder when 28060099 is divided by 2520.
2419
What is the remainder when 830799130 is divided by 5858?
5854
Calculate the remainder when 93009 is divided by 46372.
265
Calculate the remainder when 1034853 is divided by 11009.
7
Calculate the remainder when 22601 is divided by 11262.
77
What is the remainder when 306954 is divided by 7187?
5100
Calculate the remainder when 1823 is divided by 1680.
143
Calculate the remainder when 184453 is divided by 1592.
1373
Calculate the remainder when 70978182 is divided by 35489091.
0
What is the remainder when 181415310 is divided by 135?
15
Calculate the remainder when 34781622 is divided by 47646.
42
Calculate the remainder when 1858223 is divided by 1263.
350
Calculate the remainder when 3924 is divided by 3351.
573
What is the remainder when 47914567 is divided by 23957280?
7
Calculate the remainder when 231532689 is divided by 4.
1
What is the remainder when 12943029 is divided by 257?
252
What is the remainder when 62706 is divided by 72?
66
Calculate the remainder when 1188562 is divided by 118854.
22
Calculate the remainder when 102033230 is divided by 505.
0
Calculate the remainder when 1086078 is divided by 217213.
13
Calculate the remainder when 8043752 is divided by 2010934.
16
Calculate the remainder when 6315449 is divided by 98.
35
Calculate the remainder when 105009320 is divided by 362.
360
Calculate the remainder when 16093 is divided by 567.
217
Calculate the remainder when 996344 is divided by 31.
4
What is the remainder when 10613990 is divided by 5098?
5052
Calculate the remainder when 1455474 is divided by 363797.
286
Calculate the remainder when 2091917 is divided by 2361.
71
Calculate the remainder when 19887 is divided by 16574.
3313
Calculate the remainder when 120457 is divided by 625.
457
Calculate the remainder when 3666558 is divided by 1692.
1686
What is the remainder when 6874 is divided by 217?
147
Calculate the remainder when 312725 is divided by 8227.
99
What is the remainder when 596882 is divided by 133?
111
Calculate the remainder when 108053994 is divided by 3056.
3002
Calculate the remainder when 66496 is divided by 9499.
3
Calculate the remainder when 44732 is divided by 12916.
5984
What is the remainder when 747304721 is divided by 803?
801
What is the remainder when 77828 is divided by 1864?
1404
Calculate the remainder when 15284 is divided by 2134.
346
Calculate the remainder when 1137099 is divided by 3488.
11
What is the remainder when 111524 is divided by 2951?
2337
Calculate the remainder when 13693608 is divided by 53.
51
What is the remainder when 38901409 is divided by 22?
19
What is the remainder when 50042 is divided by 2372?
230
What is the remainder when 457736 is divided by 144?
104
What is the remainder when 2538510 is divided by 110?
40
What is the remainder when 47656 is divided by 7913?
178
What is the remainder when 3052133 is divided by 6293?
28
What is the remainder when 31365 is divided by 333?
63
What is the remainder when 2878275 is divided by 485?
285
What is the remainder when 82268 is divided by 69?
20
Calculate the remainder when 5819779 is divided by 23.
20
Calculate the remainder when 174762024 is divided by 22.
8
What is the remainder when 297766 is divided by 5953?
116
Calculate the remainder when 88261998 is divided by 186.
162
What is the remainder when 25572 is divided by 24660?
912
Calculate the remainder when 13214523 is divided by 252.
147
Calculate the remainder when 175988 is divided by 86787.
2414
Calculate the remainder when 488584 is divided by 162859.
7
What is the remainder when 238055920 is divided by 557508?
4
Calculate the remainder when 2105679 is divided by 8389.
40
Calculate the remainder when 45207 is divided by 1633.
1116
What is the remainder when 4926423 is divided by 821069?
9
Calculate the remainder when 19706403 is divided by 690.
3
Calculate the remainder when 497012 is divided by 329.
222
What is the remainder when 509884 is divided by 11792?
2828
Calculate the remainder when 90026 is divided by 45.
26
What is the remainder when 343396 is divided by 170965?
1466
Calculate the remainder when 11739839 is divided by 2240.
2239
What is the remainder when 2504664 is divided by 83488?
24
What is the remainder when 8042193 is divided by 308?
5
Calculate the remainder when 3942804 is divided by 59.
11
Calculate the remainder when 713255 is divided by 237736.
47
What is the remainder when 507043748 is divided by 1250?
1248
What is the remainder when 43142278 is divided by 29?
22
What is the remainder when 10706869 is divided by 41?
6
What is the remainder when 1520201 is divided by 304007?
166
Calculate the remainder when 8077198 is divided by 5171.
96
Calculate the remainder when 8578069 is divided by 11.
5
Calculate the remainder when 441223 is divided by 15754.
111
What is the remainder when 73833 is divided by 6144?
105
Calculate the remainder when 47982 is divided by 1772.
138
What is the remainder when 36261432 is divided by 1321?
1303
What is the remainder when 116094 is divided by 58036?
22
What is the remainder when 69724 is divided by 130?
44
Calculate the remainder when 30650452 is divided by 176152.
4
Calculate the remainder when 8008616 is divided by 86.
38
Calculate the remainder when 916205 is divided by 4900.
4805
What is the remainder when 439779 is divided by 219886?
7
Calculate the remainder when 227959 is divided by 888.
631
What is the remainder when 9050282 is divided by 309?
290
What is the remainder when 9119308 is divided by 3039759?
31
Calculate the remainder when 128634900 is divided by 3520.
20
What is the remainder when 271259 is divided by 10682?
4209
What is the remainder when 3812639 is divided by 51?
32
Calculate the remainder when 16558169 is divided by 235.
69
Calculate the remainder when 1646823 is divided by 49903.
24
What is the remainder when 75702432 is divided by 18?
12
What is the remainder when 88832 is divided by 29286?
974
Calculate the remainder when 1351140 is divided by 1562.
10
What is the remainder when 54273 is divided by 10789?
328
Calculate the remainder when 1719141 is divided by 148.
121
What is the remainder when 931180 is divided by 595?
5
What is the remainder when 830399 is divided by 103797?
23
What is the remainder when 515474 is divided by 2602?
278
What is the remainder when 48091228 is divided by 3410?
3408
Calculate the remainder when 13567832 is divided by 314.
206
What is the remainder when 65648219 is divided by 8?
3
What is the remainder when 3016689 is divided by 418?
401
Calculate the remainder when 623248 is divided by 12716.
164
Calculate the remainder when 129600973 is divided by 1725.
1723
What is the remainder when 184456 is divided by 5423?
74
What is the remainder when 65793853 is divided by 50186?
7
Calculate the remainder when